{"id":17077,"date":"2025-04-29T08:53:19","date_gmt":"2025-04-29T08:53:19","guid":{"rendered":"https:\/\/czeczotkabar.pl\/?page_id=17077"},"modified":"2026-02-16T10:55:54","modified_gmt":"2026-02-16T10:55:54","slug":"kawior","status":"publish","type":"page","link":"https:\/\/czeczotkabar.pl\/index.php\/kawior\/","title":{"rendered":"Kawior w Krakowie Czeczotka Food &amp; Drink Bar"},"content":{"rendered":"\n<p class=\"has-text-align-center has-medium-font-size\">W samym sercu Starego Miasta, tu\u017c przy Rynku G\u0142\u00f3wnym, czeka na Ciebie miejsce, kt\u00f3re pokazuje nowe oblicze kulinarnego luksusu. Czeczotka Food &amp; Drink Bar to jedno z niewielu miejsc, gdzie mo\u017cesz rozkoszowa\u0107 si\u0119 ekskluzywnym kawiorem syberyjskim Antonius. Ten wykwintny rarytas serwujemy w eleganckiej oprawie, w towarzystwie chrupi\u0105cych, domowych chips\u00f3w i delikatnej, kwa\u015bnej \u015bmietany. Ta propozycja z naszego menu to uczta dla zmys\u0142\u00f3w, kt\u00f3ra trafi w gust nawet najbardziej wyrafinowanych smakoszy. To doskona\u0142a propozycja zar\u00f3wno na wyj\u0105tkow\u0105 kolacj\u0119 w gronie przyjaci\u00f3\u0142, jak i chwil\u0119 celebracji dla dwojga. Uzupe\u0142nieniem naszej oferty jest starannie dobrana selekcja win z r\u00f3\u017cnych zak\u0105tk\u00f3w \u015bwiata oraz autorskie koktajle, kt\u00f3re doskonale komponuj\u0105 si\u0119 z kawiorem i innymi specja\u0142ami z naszego menu.<\/p>\n\n\n\n<div style=\"height:30px\" aria-hidden=\"true\" class=\"wp-block-spacer\"><\/div>\n\n\n<div id=\"ez-toc-container\" class=\"ez-toc-v2_0_82_2 counter-hierarchy ez-toc-counter ez-toc-black ez-toc-container-direction\">\n<div class=\"ez-toc-title-container\">\n<p class=\"ez-toc-title\" style=\"cursor:inherit\">Spis tre\u015bci<\/p>\n<span class=\"ez-toc-title-toggle\"><a href=\"#\" class=\"ez-toc-pull-right ez-toc-btn ez-toc-btn-xs ez-toc-btn-default ez-toc-toggle\" aria-label=\"Prze\u0142\u0105cznik Spisu Tre\u015bci\"><span class=\"ez-toc-js-icon-con\"><span class=\"\"><span class=\"eztoc-hide\" style=\"display:none;\">Toggle<\/span><span class=\"ez-toc-icon-toggle-span\"><svg style=\"fill: #999;color:#999\" xmlns=\"http:\/\/www.w3.org\/2000\/svg\" class=\"list-377408\" width=\"20px\" height=\"20px\" viewBox=\"0 0 24 24\" fill=\"none\"><path d=\"M6 6H4v2h2V6zm14 0H8v2h12V6zM4 11h2v2H4v-2zm16 0H8v2h12v-2zM4 16h2v2H4v-2zm16 0H8v2h12v-2z\" fill=\"currentColor\"><\/path><\/svg><svg style=\"fill: #999;color:#999\" class=\"arrow-unsorted-368013\" xmlns=\"http:\/\/www.w3.org\/2000\/svg\" width=\"10px\" height=\"10px\" viewBox=\"0 0 24 24\" version=\"1.2\" baseProfile=\"tiny\"><path d=\"M18.2 9.3l-6.2-6.3-6.2 6.3c-.2.2-.3.4-.3.7s.1.5.3.7c.2.2.4.3.7.3h11c.3 0 .5-.1.7-.3.2-.2.3-.5.3-.7s-.1-.5-.3-.7zM5.8 14.7l6.2 6.3 6.2-6.3c.2-.2.3-.5.3-.7s-.1-.5-.3-.7c-.2-.2-.4-.3-.7-.3h-11c-.3 0-.5.1-.7.3-.2.2-.3.5-.3.7s.1.5.3.7z\"\/><\/svg><\/span><\/span><\/span><\/a><\/span><\/div>\n<nav><ul class='ez-toc-list ez-toc-list-level-1 eztoc-toggle-hide-by-default' ><li class='ez-toc-page-1 ez-toc-heading-level-2'><a class=\"ez-toc-link ez-toc-heading-1\" href=\"https:\/\/czeczotkabar.pl\/index.php\/kawior\/#Kawior\">Kawior<\/a><\/li><li class='ez-toc-page-1 ez-toc-heading-level-2'><a class=\"ez-toc-link ez-toc-heading-2\" href=\"https:\/\/czeczotkabar.pl\/index.php\/kawior\/#Kawior_czyli_jeden_z_najbardziej_luksusowych_produktow_na_swiecie_Poznaj_nasza_oferte\">Kawior, czyli jeden z najbardziej luksusowych produkt\u00f3w na \u015bwiecie. Poznaj nasz\u0105 ofert\u0119<\/a><\/li><li class='ez-toc-page-1 ez-toc-heading-level-2'><a class=\"ez-toc-link ez-toc-heading-3\" href=\"https:\/\/czeczotkabar.pl\/index.php\/kawior\/#Kawior_syberyjski_Antonius_%E2%80%93_czym_sie_wyroznia\">Kawior syberyjski Antonius \u2013 czym si\u0119 wyr\u00f3\u017cnia?<\/a><\/li><li class='ez-toc-page-1 ez-toc-heading-level-2'><a class=\"ez-toc-link ez-toc-heading-4\" href=\"https:\/\/czeczotkabar.pl\/index.php\/kawior\/#W_czym_tkwi_sekret_doskonalego_smaku_naszego_kawioru\">W czym tkwi sekret doskona\u0142ego smaku naszego kawioru?<\/a><\/li><li class='ez-toc-page-1 ez-toc-heading-level-2'><a class=\"ez-toc-link ez-toc-heading-5\" href=\"https:\/\/czeczotkabar.pl\/index.php\/kawior\/#Jakie_dodatki_oferujemy_do_kawioru\">Jakie dodatki oferujemy do kawioru?<\/a><\/li><li class='ez-toc-page-1 ez-toc-heading-level-2'><a class=\"ez-toc-link ez-toc-heading-6\" href=\"https:\/\/czeczotkabar.pl\/index.php\/kawior\/#Dlaczego_warto_zamowic_kawior_syberyjski_Antonius_w_Czeczotce\">Dlaczego warto zam\u00f3wi\u0107 kawior syberyjski Antonius w Czeczotce?<\/a><\/li><li class='ez-toc-page-1 ez-toc-heading-level-2'><a class=\"ez-toc-link ez-toc-heading-7\" href=\"https:\/\/czeczotkabar.pl\/index.php\/kawior\/#Zarezerwuj_stolik_i_sprobuj_kawioru_syberyjskiego_Antonius_w_Krakowie\">Zarezerwuj stolik i spr\u00f3buj kawioru syberyjskiego Antonius w Krakowie<\/a><\/li><li class='ez-toc-page-1 ez-toc-heading-level-2'><a class=\"ez-toc-link ez-toc-heading-8\" href=\"https:\/\/czeczotkabar.pl\/index.php\/kawior\/#Co_jeszcze_serwujemy_poza_kawiorem\">Co jeszcze serwujemy poza kawiorem?<\/a><\/li><li class='ez-toc-page-1 ez-toc-heading-level-2'><a class=\"ez-toc-link ez-toc-heading-9\" href=\"https:\/\/czeczotkabar.pl\/index.php\/kawior\/#Kawior_%E2%80%93_FAQ\">Kawior &#8211; FAQ<\/a><\/li><\/ul><\/nav><\/div>\n\n\n\n\n<p class=\"has-text-align-center has-black-color has-text-color has-link-color wp-elements-31ef8a46bf82daa30dab4b6adf99fd54\"><\/p>\n\n\n\n\t<section id=\"section-menu-mb-block-7ebb4d29-4de9-4a1d-b769-26102e5da157\" class=\"section section-menu  alignwide has-custom-bg-color \"  style=\"background-color:transparent\"  >\n\n\t<div class=\"menu-wrap\">\n\n\t<div class=\"menu-categories menu-masonry custom\" >\n\n\t<div class=\"grid-sizer masonry-box \"><\/div>\n\n\t\t                        \n\t        <div class=\"masonry-box menu-box menu-box-17077 full  text-centered menucatimagealign-\" data-aos=\"fade\" data-aos-delay=\"100\"> \n\t        \n\t        \t<div class=\"\" \n\t\t        \t\t >\n\n\t\t\t        <div class=\"menu-inner\">\n\t\t\t                \n\t\t\t                <div class=\"menu-category\">\n\t\t\t                        <h2 class=\"menu-cat short-vertical-border use-headline-font textalign-center hide\" style=\"color:#ffffff\" ><span class=\"ez-toc-section\" id=\"Kawior\"><\/span> \n\t\t\t                        \tKawior \n\t\t\t                        <span class=\"ez-toc-section-end\"><\/span><\/h2>\n\t\t\t                        \t\n\t\t\t                <\/div>\n\n\t\t\t                 \n\t\t\t                \t<div class=\"divider-block divider-center divider-vertical hide\" style=\"background-color:#ffffff\"><\/div>\n\t\t\t                \n\t\t\t                \t\t\t\t\t\n\t\t\t\t\t<div class=\"menu-text-wrap\">\n\t\t\t\t\t\t<div class=\"menu-text-left\"><\/div>\n\t\t\t\t\t\t\t\t\t\t\t<\/div>\n\n\t\t\t                \t\t\t\n\t\t\t\t\t\t<div class=\"menu-items masonry-nested one-item \">\n\t\t\t\t\t\n\t\t\t\t\t\t\t<span class=\"grid-sizer-nested\"><\/span>\n\t\t\t\t\t\n\n\t\t\t\t\t\t\t\n\t\t\t\t\t                \n\t\t\t                        \t\t\t                        \n\t\t\t\t\t\t\t<div class=\"menu-item masonry-box-nested \">\n\t\t\t\t\t\t\t        \n\t\t\t\t\t\t\t        <div class=\"inner-box soulkitchen-uncropped-large\" >\n\n\t\t\t\t\t\t\t                <!-- thumbnail -->\n\t\t\t\t\t\t\t\t\t\t\t\t\t\t\t\t\t\t\t\t  \t\t\t\t\t\t\t\t\t\t\t\t                \t\t\t\t\t\t\t\t\t\t\n\t\t\t\t\t\t\t\t\t<!-- menu text -->\n\t\t\t\t\t\t\t                <div class=\"menu-text\">\n\n\t\t\t\t\t\t\t                \t<div class=\"menu-text-wrap\">\n\t\t\t\t\t\t\t\t                \t<div class=\"menu-text-left\">\n\n\t\t\t\t\t\t\t\t\t\t\t                <h6 class=\"menu-title use-body-font\" style=\"color:#ffffff\">Antonius Siberian Caviar \u2606\u2606\u2606\u2606 (30g, \u015brednica ziarna 2,4 &#8211; 2,6 mm)\n\t\t\t\t\t\t\t\t\t\t\t                \t\t\t\t\t\t\t\t\t\t\t                <\/h6>\n\n\t\t\t\t\t\t\t\t\t\t\t\t\t   \n\t\t\t\t\t\t\t\t\t\t\t                \t<div class=\"menu-description\"  style=\"color:#aaaaaa\"   > \n\t\t\t\t\t\t\t\t\t\t\t                \tKuchnia&gt;Kawior z jesiotra syberyjskiego (Acipenser baerii). Jego per\u0142y charakteryzuj\u0105 si\u0119 intensywnym aromatem, kt\u00f3ry zadowoli najbardziej wymagaj\u0105cego amatora Kuchnia&gt;Kawioru. Wyst\u0119puje w odcieniach od czerni po jasny br\u0105z. Przygotowywany jest tradycyjn\u0105 metod\u0105 \u201cMalossol\u201d, czyli z dodatkiem niewielkiej ilo\u015bci soli. Kuchnia&gt;Kawior podajemy z domowymi chipsami z ziemniaczanymi i creme fraiche.<\/div>\n\t\t\t\t\t\t\t\t\t\t\t                \n\t\t\t\t\t\t\t\t\t\t\t        <\/div>\n\t\t\t\t\t\t\t\t\t\t\t\t\t\t\t\t\t\t\t\t\t\t\t<div class=\"menu-price use-body-font\"  style=\"color:#dd9933\"  >\n\t\t\t\t\t\t\t\t\t\t\t    \t\t240\t\t\t\t\t\t\t\t\t\t\t\t<\/div>\n\t\t\t\t\t\t\t\t\t\t\t\t\t\t\t\t\t\t\t\t        <\/div>\n\n\t\t\t\t\t\t\t\t\t<\/div> \n\n\t\t\t\t\t\t\t\t<\/div><!-- .inner-box -->\n\t\t\t\t\t\t\t\t\t\t\n\t\t\t\t\t\t\t\t<div class=\"clear\"><\/div>\n\t\t\t\t\t\t\t\t\t\t\t\n\t\t\t\t\t\t\t<\/div><!-- .menu-item -->\n\n\t\t\t\t\t                \t\t\t\t\t\t\t        \n\t\t\t\t\t\t<\/div><!-- .menu-items -->\n\n\t\t\t\t\t\t\n\t\t\t\t<\/div><!-- .menu-inner  -->\t\n\n\t\t\t<\/div><!-- .featured-border -->\n\t\t\t\t\t\t\t\t\n\t\t\t<\/div><!-- .masonry-box-->\n\n\t\t\t\n\t\t\n\t<\/div>\n\n\t<\/div>\n\n\t<\/section> \n\n\n\n<h3 class=\"wp-block-heading has-text-align-center\">Opinie o naszych daniach z kawiorem<\/h3>\n\n\n\n<div style=\"height:51px\" aria-hidden=\"true\" class=\"wp-block-spacer\"><\/div>\n\n\n<div class=\"rpi\" style=\"\" data-id=\"18406\" data-opts='{&quot;layout&quot;:&quot;slider&quot;,&quot;style_style&quot;:&quot;1&quot;,&quot;style_stars&quot;:&quot;4&quot;,&quot;style_ava&quot;:&quot;1&quot;,&quot;head_logo&quot;:&quot;5&quot;,&quot;style_logo&quot;:&quot;1&quot;,&quot;pagination&quot;:&quot;100&quot;,&quot;text_size&quot;:&quot;&quot;,&quot;hide_avatar&quot;:false,&quot;hide_name&quot;:false,&quot;disable_review_time&quot;:false,&quot;disable_user_link&quot;:false,&quot;disable_google_link&quot;:false,&quot;open_link&quot;:true,&quot;nofollow_link&quot;:true,&quot;lazy_load_img&quot;:true,&quot;time_format&quot;:&quot;&quot;,&quot;breakpoints&quot;:&quot;&quot;,&quot;reviewer_avatar_size&quot;:&quot;56&quot;,&quot;ajax_load&quot;:false,&quot;v2&quot;:true,&quot;trans&quot;:{&quot;read more&quot;:&quot;czytaj wi\\u0119cej&quot;,&quot;review us on&quot;:&quot;oceniaj nas na&quot;,&quot;See all reviews&quot;:&quot;Zobacz wszystkie opinie&quot;,&quot;More reviews&quot;:&quot;Nast\\u0119pne Opinie&quot;,&quot;Response from the owner&quot;:&quot;Odpowied\\u017a od w\\u0142a\\u015bciciela&quot;}}' data-exec=\"\"><div class=\"rpi-cnt rpi-col-m rpi-slider rpi-sh\" data-opts='{&quot;pagination&quot;:&quot;100&quot;,&quot;speed&quot;:&quot;5&quot;,&quot;autoplay&quot;:false,&quot;wheelscroll&quot;:false,&quot;mousestop&quot;:false,&quot;clickstop&quot;:false,&quot;swipe_step&quot;:&quot;&quot;,&quot;swipe_per_btn&quot;:&quot;&quot;,&quot;swipe_per_dot&quot;:&quot;&quot;,&quot;hide_dots&quot;:false}' style=\"visibility:var(--visible, hidden)\" ><div class=\"rpi-content rpi-content_row\"><button class=\"rpi-ltgt rpi-lt rpi-slider-prev\" aria-label=\"Previous reviews\" tabindex=\"0\"><\/button><div class=\"rpi-cards rpi-slides-bite\" data-offset=\"1\" data-count=\"1\"><div class=\"rpi-card\" data-provider=\"google\" data-rat=\"5\"><div class=\"rpi-card-inner\"><div class=\"rpi-flex\"><div class=\"rpi-img-wrap\"><img decoding=\"async\" src=\"https:\/\/lh3.googleusercontent.com\/a\/ACg8ocIM_Tig7ROLnwtZpzEAm0rvCaMoXlgwrni4UFrGd_7cOhAyPA=s56-c-rp-mo-br100\" class=\"rpi-img\" loading=\"lazy\" width=\"56\" height=\"56\" alt=\"\" onerror=\"if(this.src!='https:\/\/czeczotkabar.pl\/wp-content\/plugins\/business-reviews-bundle\/assets\/img\/google_avatar.png')this.src='https:\/\/czeczotkabar.pl\/wp-content\/plugins\/business-reviews-bundle\/assets\/img\/google_avatar.png';\"><\/div><div class=\"rpi-info\"><a href=\"https:\/\/search.google.com\/local\/reviews?placeid=ChIJ5QSUxA1bFkcRqelZkN0JdGc\" class=\"rpi-name\" target=\"_blank\" rel=\"noopener nofollow\" aria-label=\"Tomasz Z. - google user profile\">Tomasz Z.<\/a><div class=\"rpi-time\" data-time=\"1768046344147\"><\/div><\/div><\/div><div class=\"rpi-body rpi-normal-up__body\"><span class=\"rpi-stars\" style=\"--rating:5\"><\/span><div class=\"rpi-text rpi-scroll\" tabindex=\"0\">Kawior i ostrygi - po prostu odjazd!! Profesjonalna obs\u0142uga, \u015bwietna atmosfera. Gor\u0105co polecam.<\/div><\/div><\/div><\/div><\/div><button class=\"rpi-ltgt rpi-gt rpi-slider-next\" aria-label=\"Next reviews\" tabindex=\"0\"><\/button><div class=\"rpi-dots-wrap\"><div class=\"rpi-dots\"><\/div><\/div><\/div><\/div><script>(function(p){if(!p)return;let w=p.offsetWidth,m=function(a,b){return Math.min(a,b)===a};p.querySelector('.rpi-cnt').classList.replace('rpi-col-m','rpi-col-'+(m(w,510)?'xs':m(w,750)?'x':m(w,1050)?'s':m(w,1450)?'m':m(w,1800)?'l':'xl'))})(document.currentScript?.parentElement)<\/script><\/div>\n\n\n\n<div style=\"height:51px\" aria-hidden=\"true\" class=\"wp-block-spacer\"><\/div>\n\n\n\n<div class=\"wp-block-buttons is-content-justification-center is-layout-flex wp-container-core-buttons-is-layout-16018d1d wp-block-buttons-is-layout-flex\">\n<div class=\"wp-block-button\"><a class=\"wp-block-button__link has-text-align-center wp-element-button\" href=\"https:\/\/czeczotkabar.pl\/index.php\/opinie\/\">Wszystkie opinie<\/a><\/div>\n<\/div>\n\n\n\n<div style=\"height:51px\" aria-hidden=\"true\" class=\"wp-block-spacer\"><\/div>\n\n\n\n<h2 class=\"wp-block-heading has-text-align-center\"><span class=\"ez-toc-section\" id=\"Kawior_czyli_jeden_z_najbardziej_luksusowych_produktow_na_swiecie_Poznaj_nasza_oferte\"><\/span>Kawior, czyli jeden z najbardziej luksusowych produkt\u00f3w na \u015bwiecie. Poznaj nasz\u0105 ofert\u0119<span class=\"ez-toc-section-end\"><\/span><\/h2>\n\n\n\n<p class=\"has-text-align-center has-medium-font-size\">Nasza propozycja to kawior syberyjski Antonius \u2013 jeden z najbardziej szlachetnych produkt\u00f3w, jakie mo\u017cna znale\u017a\u0107 na \u015bwiatowych sto\u0142ach. To propozycja dla go\u015bci, kt\u00f3rzy celebruj\u0105 chwil\u0119, doceniaj\u0105 detale i wiedz\u0105, czym jest prawdziwa jako\u015b\u0107.&nbsp;<\/p>\n\n\n\n<p class=\"has-text-align-center has-medium-font-size\">Kawior serwujemy w spos\u00f3b elegancki, aby podkre\u015bli\u0107 jego wyj\u0105tkowy charakter. <strong>Podany w wyrafinowany spos\u00f3b, idealnie sprawdza si\u0119 jako ekskluzywna przystawka, zapraszaj\u0105ca do wsp\u00f3lnego delektowania si\u0119 tym rarytasem.<\/strong><\/p>\n\n\n\n<div style=\"height:100px\" aria-hidden=\"true\" class=\"wp-block-spacer\"><\/div>\n\n\n\n<div class=\"wp-block-group alignfull custom-cta has-text-color has-medium-font-size\" style=\"color:#000000\"><div class=\"wp-block-group__inner-container is-layout-flow wp-block-group-is-layout-flow\">\n<div style=\"height:100px\" aria-hidden=\"true\" class=\"wp-block-spacer\"><\/div>\n\n\n\n<p class=\"has-text-align-center has-huge-font-size\"><strong>Chcesz odkry\u0107 smak, kt\u00f3ry pozostaje w pami\u0119ci?<\/strong><\/p>\n\n\n\n<p class=\"has-text-align-center has-medium-font-size\" style=\"line-height:.9\"><strong>Zarezerwuj stolik w Czeczotka Food &amp; Cocktail Bar i pozw\u00f3l nam zaskoczy\u0107 Ci\u0119 kunsztem serwowania kawioru lub innych da\u0144. <a href=\"https:\/\/czeczotkabar.pl\/index.php\/kontakt\/\">Zadzwo\u0144 lub napisz<\/a>!.<\/strong><\/p>\n\n\n\n<div style=\"height:23px\" aria-hidden=\"true\" class=\"wp-block-spacer\"><\/div>\n\n\n\n<div class=\"wp-block-buttons is-horizontal is-content-justification-center is-layout-flex wp-container-core-buttons-is-layout-9393892f wp-block-buttons-is-layout-flex\">\n<div class=\"wp-block-button has-custom-width wp-block-button__width-25\" id=\"custom-cta-btn\"><a class=\"wp-block-button__link has-text-color has-background wp-element-button\" href=\"https:\/\/czeczotkabar.pl\/index.php\/kontakt\/\" style=\"border-radius:50px;color:#ffffff;background-color:#dd9933\">Zadzwo\u0144<\/a><\/div>\n<\/div>\n\n\n\n<div style=\"height:100px\" aria-hidden=\"true\" class=\"wp-block-spacer\"><\/div>\n<\/div><\/div>\n\n\n\n<div style=\"height:100px\" aria-hidden=\"true\" class=\"wp-block-spacer\"><\/div>\n\n\n\n<h2 class=\"wp-block-heading has-text-align-center\"><span class=\"ez-toc-section\" id=\"Kawior_syberyjski_Antonius_%E2%80%93_czym_sie_wyroznia\"><\/span>Kawior syberyjski Antonius \u2013 czym si\u0119 wyr\u00f3\u017cnia?<span class=\"ez-toc-section-end\"><\/span><\/h2>\n\n\n\n<p class=\"has-text-align-center has-medium-font-size\">Siberian uwa\u017cany jest za jeden z najlepszych kawior\u00f3w na \u015bwiecie. Pochodzi z jesiotr\u00f3w gatunku Acipenser baerii (jesiotr syberyjski). Jego per\u0142y charakteryzuj\u0105 si\u0119 intensywnym, z\u0142o\u017conym, rze\u015bkim smakiem z wyra\u017anym i czystym finiszem, kt\u00f3ry d\u0142ugo utrzymuje si\u0119 w ustach. Da si\u0119 w nim wyczu\u0107 obecno\u015b\u0107 nut korzennych i drzewnych, zbalansowanych przez \u0142agodn\u0105 s\u0142ono\u015b\u0107.<\/p>\n\n\n\n<p class=\"has-text-align-center has-medium-font-size\">Do\u015bwiadczenia smakowe s\u0105 wyj\u0105tkowe dzi\u0119ki po\u0142\u0105czeniu \u015bwie\u017co\u015bci, intensywno\u015bci i g\u0142\u0119bi. Wyr\u00f3\u017cnia si\u0119 przyjemn\u0105 konsystencj\u0105, jego tekstura jest aksamitna i g\u0142adka, per\u0142y spr\u0119\u017cyste i l\u015bni\u0105ce.<\/p>\n\n\n\n<div style=\"height:100px\" aria-hidden=\"true\" class=\"wp-block-spacer\"><\/div>\n\n\n\n<div class=\"wp-block-group alignfull ekspert-box has-text-color has-medium-font-size\" style=\"color:#000000\"><div class=\"wp-block-group__inner-container is-layout-flow wp-block-group-is-layout-flow\">\n<div style=\"height:100px\" aria-hidden=\"true\" class=\"wp-block-spacer\"><\/div>\n\n\n\n<h3 class=\"wp-block-heading has-text-align-center has-huge-font-size\"><strong>Zdaniem eksperta<\/strong><\/h3>\n\n\n\n<p class=\"has-text-align-center ekspert-box-content has-medium-font-size\" style=\"line-height:.9\"><strong><strong>Kawior syberyjski Antonius powstaje w procesie wiernie na\u015bladuj\u0105cym naturalny cykl \u017cycia dzikich jesiotr\u00f3w, przy zastosowaniu najnowocze\u015bniejszych metod produkcji i jednoczesnym zachowaniu tradycyjnych technik r\u0119cznego wytwarzania. \u2013 wyja\u015bnia ekspert z czeczotkabar.pl<\/strong><\/strong><\/p>\n\n\n\n<div style=\"height:100px\" aria-hidden=\"true\" class=\"wp-block-spacer\"><\/div>\n<\/div><\/div>\n\n\n\n<div style=\"height:100px\" aria-hidden=\"true\" class=\"wp-block-spacer\"><\/div>\n\n\n\n<h2 class=\"wp-block-heading has-text-align-center\"><span class=\"ez-toc-section\" id=\"W_czym_tkwi_sekret_doskonalego_smaku_naszego_kawioru\"><\/span>W czym tkwi sekret doskona\u0142ego smaku naszego kawioru?<span class=\"ez-toc-section-end\"><\/span><\/h2>\n\n\n\n<p class=\"has-text-align-center has-medium-font-size\">Serwujemy kawior, kt\u00f3ry spe\u0142nia najwy\u017csze standardy jako\u015bci. Podajemy go w towarzystwie domowych chips\u00f3w ziemniaczanych i kwa\u015bnej \u015bmietany, tworz\u0105c kompozycj\u0119, kt\u00f3ra rozpieszcza podniebienie i przyci\u0105ga spojrzenia.<\/p>\n\n\n\n<div style=\"height:50px\" aria-hidden=\"true\" class=\"wp-block-spacer\"><\/div>\n\n\n\n<h2 class=\"wp-block-heading has-text-align-center\"><span class=\"ez-toc-section\" id=\"Jakie_dodatki_oferujemy_do_kawioru\"><\/span>Jakie dodatki oferujemy do kawioru?<span class=\"ez-toc-section-end\"><\/span><\/h2>\n\n\n\n<p class=\"has-text-align-center has-medium-font-size\">W Czeczotce wierzymy, \u017ce luksus tkwi w prostocie doprowadzonej do perfekcji. <strong>Kawior syberyjski Antonius serwujemy w towarzystwie domowych chips\u00f3w z ziemniaka <\/strong>\u2013 cienko pokrojonych, sma\u017conych na z\u0142oto, chrupi\u0105cych z ka\u017cdym k\u0119sem. Ich delikatna s\u0142ono\u015b\u0107 i tekstura stanowi\u0105 idealne t\u0142o dla intensywnej, lekko orzechowej nuty kawioru. Do tego kwa\u015bna \u015bmietana dope\u0142nia kompozycj\u0119 i podkre\u015bla delikatne nuty kawioru. To uk\u0142on w stron\u0119 tradycji, podany w nowoczesnej formie.<\/p>\n\n\n\n<div style=\"height:50px\" aria-hidden=\"true\" class=\"wp-block-spacer\"><\/div>\n\n\n\n<h2 class=\"wp-block-heading has-text-align-center\"><span class=\"ez-toc-section\" id=\"Dlaczego_warto_zamowic_kawior_syberyjski_Antonius_w_Czeczotce\"><\/span>Dlaczego warto zam\u00f3wi\u0107 kawior syberyjski Antonius w Czeczotce?<span class=\"ez-toc-section-end\"><\/span><\/h2>\n\n\n\n<p class=\"has-text-align-center has-medium-font-size\">Syberyjski kawior Antonius to jeden z najbardziej cenionych produkt\u00f3w na \u015bwiecie. Jego subtelnie s\u0142ony smak, aksamitna tekstura i g\u0142\u0119boki, niemal orzechowy finisz to symfonia dozna\u0144, kt\u00f3ra zachwyci nawet najbardziej wyrafinowane podniebienia. W Czeczotce wierzymy, \u017ce tak wyj\u0105tkowy produkt zas\u0142uguje na r\u00f3wnie wyj\u0105tkow\u0105 opraw\u0119. <strong>Serwujemy go z dba\u0142o\u015bci\u0105 o ka\u017cdy detal, tworz\u0105c atmosfer\u0119 prawdziwej celebracji.<\/strong> Nasza profesjonalna obs\u0142uga zadba o ka\u017cdy detal Twojej wizyty, a stylowe i przytulne wn\u0119trze baru stworzy idealn\u0105 opraw\u0119 dla tego wyrafinowanego rarytasu.&nbsp;<\/p>\n\n\n\n<p class=\"has-text-align-center has-medium-font-size\">Nasz kawior Antonius doskonale komponuje si\u0119 z wyselekcjonowanymi autorskimi drinkami serwowanymi w <a href=\"https:\/\/czeczotkabar.pl\/index.php\/cocktail-bar\/\">cocktail barze<\/a> i wytrawnym szampanem.<\/p>\n\n\n\n<div style=\"height:50px\" aria-hidden=\"true\" class=\"wp-block-spacer\"><\/div>\n\n\n\n<h2 class=\"wp-block-heading has-text-align-center\"><span class=\"ez-toc-section\" id=\"Zarezerwuj_stolik_i_sprobuj_kawioru_syberyjskiego_Antonius_w_Krakowie\"><\/span>Zarezerwuj stolik i spr\u00f3buj kawioru syberyjskiego Antonius w Krakowie<span class=\"ez-toc-section-end\"><\/span><\/h2>\n\n\n\n<p class=\"has-text-align-center has-medium-font-size\">Szukasz wyj\u0105tkowych dozna\u0144 kulinarnych? Zarezerwuj stolik w Czeczotce i skosztuj kawioru syberyjskiego Antonius \u2013 prawdziwego rarytasu dla zmys\u0142\u00f3w, idealnego w po\u0142\u0105czeniu z naszymi winami. <strong>Zarezerwuj online lub telefonicznie stolik i pozw\u00f3l sobie na odrobin\u0119 luksusu \u2013 solo, we dwoje lub z przyjaci\u00f3\u0142mi.<\/strong> Je\u015bli planujesz co\u015b wi\u0119kszego, zapytaj o nasz\u0105 kameraln\u0105 <a href=\"https:\/\/czeczotkabar.pl\/index.php\/charmant\/\">stref\u0119 Charmant<\/a> na wyj\u0105tkowe okazje i stylowe eventy.<\/p>\n\n\n\n<div style=\"height:50px\" aria-hidden=\"true\" class=\"wp-block-spacer\"><\/div>\n\n\n\n<h2 class=\"wp-block-heading has-text-align-center\"><span class=\"ez-toc-section\" id=\"Co_jeszcze_serwujemy_poza_kawiorem\"><\/span>Co jeszcze serwujemy poza kawiorem?<span class=\"ez-toc-section-end\"><\/span><\/h2>\n\n\n\n<p class=\"has-text-align-center has-medium-font-size\">W Czeczotka Food &amp; Drink Bar czeka na Ciebie bogate menu, kt\u00f3re zadowoli ka\u017cde podniebienie. <strong>Oferujemy wykwintne dania g\u0142\u00f3wne, w tym <\/strong><a href=\"https:\/\/czeczotkabar.pl\/index.php\/sezonowane-steki\/\"><strong>sezonowane steki<\/strong><\/a><strong>, rozp\u0142ywaj\u0105c\u0105 si\u0119 <\/strong><a href=\"https:\/\/czeczotkabar.pl\/index.php\/wolowina-wagyu\/\"><strong>wo\u0142owin\u0119 Wagyu<\/strong><\/a><strong> i <\/strong><a href=\"https:\/\/czeczotkabar.pl\/index.php\/dania-trufle\/\"><strong>potrawy z truflami<\/strong><\/a><strong>.<\/strong> Serwujemy tak\u017ce <a href=\"https:\/\/czeczotkabar.pl\/index.php\/ostrygi\/\">ostrygi<\/a>, sa\u0142atki koktajlowe i wykwintne przystawki, kt\u00f3re zachwycaj\u0105 oryginalnymi kompozycjami smakowymi. Dope\u0142nieniem dozna\u0144 s\u0105 nasze koktajle \u2013 zar\u00f3wno klasyczne propozycje w nowoczesnym wydaniu, jak i smakowe eksperymenty. Posiadamy r\u00f3wnie\u017c starannie wyselekcjonowan\u0105 ofert\u0119 <a href=\"https:\/\/czeczotkabar.pl\/index.php\/wine-bar\/\">win<\/a> i alkoholi premium, idealnych na ka\u017cd\u0105 okazj\u0119.<\/p>\n\n\n\n<div style=\"height:50px\" aria-hidden=\"true\" class=\"wp-block-spacer\"><\/div>\n\n\n\n<h2 class=\"wp-block-heading has-text-align-center\"><span class=\"ez-toc-section\" id=\"Kawior_%E2%80%93_FAQ\"><\/span>Kawior &#8211; FAQ<span class=\"ez-toc-section-end\"><\/span><\/h2>\n\n\n\n<div style=\"height:30px\" aria-hidden=\"true\" class=\"wp-block-spacer\"><\/div>\n\n\n\n<h3 class=\"wp-block-heading\">Z jakim winem lub koktajlami \u0142\u0105czy\u0107 kawior?<\/h3>\n\n\n\n<p class=\"has-medium-font-size\">Nasi barmani i sommelierzy ch\u0119tnie doradz\u0105, kt\u00f3ry koktajl lub kieliszek wina idealnie podkre\u015bli smak kawioru. Polecamy szczeg\u00f3lnie wytrawnego szampana lub autorski koktajl z nut\u0105 cytrusow\u0105.<\/p>\n\n\n\n<h3 class=\"wp-block-heading\">Czy kawior w Czeczotce to dobra propozycja na pierwsze spotkanie z tym produktem?<\/h3>\n\n\n\n<p class=\"has-medium-font-size\">Nasze danie z kawiorem to idealne wprowadzenie \u2013 serwujemy go w przyst\u0119pnej, ale luksusowej formie. To idealna okazja, aby przy <a href=\"https:\/\/czeczotkabar.pl\/index.php\/live-music\/\">muzyce na \u017cywo<\/a> pozna\u0107 smak tego wyrafinowanego rarytasu.<\/p>\n","protected":false},"excerpt":{"rendered":"Kuchnia>Kawior z jesiotra syberyjskiego (Acipenser baerii). Jego per\u0142y charakteryzuj\u0105 si\u0119 intensywnym aromatem, kt\u00f3ry zadowoli najbardziej wymagaj\u0105cego","protected":false},"author":2,"featured_media":0,"parent":0,"menu_order":0,"comment_status":"closed","ping_status":"closed","template":"","meta":{"footnotes":""},"class_list":["post-17077","page","type-page","status-publish","hentry"],"_links":{"self":[{"href":"https:\/\/czeczotkabar.pl\/index.php\/wp-json\/wp\/v2\/pages\/17077","targetHints":{"allow":["GET"]}}],"collection":[{"href":"https:\/\/czeczotkabar.pl\/index.php\/wp-json\/wp\/v2\/pages"}],"about":[{"href":"https:\/\/czeczotkabar.pl\/index.php\/wp-json\/wp\/v2\/types\/page"}],"author":[{"embeddable":true,"href":"https:\/\/czeczotkabar.pl\/index.php\/wp-json\/wp\/v2\/users\/2"}],"replies":[{"embeddable":true,"href":"https:\/\/czeczotkabar.pl\/index.php\/wp-json\/wp\/v2\/comments?post=17077"}],"version-history":[{"count":10,"href":"https:\/\/czeczotkabar.pl\/index.php\/wp-json\/wp\/v2\/pages\/17077\/revisions"}],"predecessor-version":[{"id":18408,"href":"https:\/\/czeczotkabar.pl\/index.php\/wp-json\/wp\/v2\/pages\/17077\/revisions\/18408"}],"wp:attachment":[{"href":"https:\/\/czeczotkabar.pl\/index.php\/wp-json\/wp\/v2\/media?parent=17077"}],"curies":[{"name":"wp","href":"https:\/\/api.w.org\/{rel}","templated":true}]}}